{"id":1545,"date":"2025-03-29T14:48:38","date_gmt":"2025-03-29T14:48:38","guid":{"rendered":"https:\/\/prolight.com.br\/es\/?post_type=product&#038;p=1545"},"modified":"2025-08-25T19:21:02","modified_gmt":"2025-08-25T19:21:02","slug":"esmerilhadeira-angular-4","status":"publish","type":"product","link":"https:\/\/prolight.com.br\/es\/produto\/esmerilhadeira-angular-4\/","title":{"rendered":"Esmerilhadeira angular  4&#8243;"},"content":{"rendered":"","protected":false},"excerpt":{"rendered":"<p>A Esmerilhadeira Angular Bosch, possui 900 Watts de pot\u00eancia, e \u00e9 uma solu\u00e7\u00e3o para realiza\u00e7\u00e3o de cortes e desbastes em materiais met\u00e1licos, como ferro e a\u00e7o, e tamb\u00e9m pode ser utilizada para corte em alvenaria e concreto. (Note que para cada tipo de aplica\u00e7\u00e3o existe um acess\u00f3rio correto &#8211; discos abrasivos ou discos diamantados). Esta m\u00e1quina conta com capa de prote\u00e7\u00e3o de 5&#8243;&#8221; \/ 125 mil\u00edmetros com sistema de fixa\u00e7\u00e3o por meio de parafuso, que garante que a capa n\u00e3o se desloque em caso de rompimento do disco dando mais seguran\u00e7a ao operador da ferramenta. Conta tamb\u00e9m com empunhadeira auxiliar e corpo mais delgado em forma redonda. Essas caracter\u00edsticas geram praticidade e trabalhos menos cansativos ao usu\u00e1rio. Al\u00e9m disso, o interruptor de acionamento na lateral da esmerilhadeira traz praticidade mesmo para trabalhos mais longos. Por ser compacta facilita aplica\u00e7\u00f5es em locais de menor tamanho e de dif\u00edcil acesso. A Esmerilhadeira GWS 9-125 \u00e9 indicada para uso industrial.Trabalho intenso. Esse Kit traz: 1 Chave de aperto 1 porca de apoio 1 porca de aperto 1 Capa protetora 1 punho auxiliar. Dados adicionais: Pot\u00eancia nominal absorvida 900 W<br \/>\nN\u00ba de rota\u00e7\u00f5es em vazio 11.000 r.p.m.<br \/>\n\u00d8 do disco 125 mm<br \/>\nRosca do eixo de esmerilhamento M14<br \/>\nPeso 1,9 kg<br \/>\nInterruptor Interruptor bloque\u00e1vel<br \/>\nPot\u00eancia \u00fatil 450 W<br \/>\nDimens\u00f5es da ferramenta (largura) 73 mm<br \/>\nDimens\u00f5es da ferramenta (comprimento) 280 mm<br \/>\nDimens\u00f5es da ferramenta (altura) 100 mm<\/p>\n","protected":false},"featured_media":909,"template":"","meta":{"site-sidebar-layout":"default","site-content-layout":"","ast-site-content-layout":"default","site-content-style":"default","site-sidebar-style":"default","ast-global-header-display":"","ast-banner-title-visibility":"","ast-main-header-display":"","ast-hfb-above-header-display":"","ast-hfb-below-header-display":"","ast-hfb-mobile-header-display":"","site-post-title":"","ast-breadcrumbs-content":"","ast-featured-img":"","footer-sml-layout":"","ast-disable-related-posts":"","theme-transparent-header-meta":"default","adv-header-id-meta":"","stick-header-meta":"","header-above-stick-meta":"","header-main-stick-meta":"","header-below-stick-meta":"","astra-migrate-meta-layouts":"set","ast-page-background-enabled":"default","ast-page-background-meta":{"desktop":{"background-color":"var(--ast-global-color-5)","background-image":"","background-repeat":"repeat","background-position":"center center","background-size":"auto","background-attachment":"scroll","background-type":"","background-media":"","overlay-type":"","overlay-color":"","overlay-opacity":"","overlay-gradient":""},"tablet":{"background-color":"","background-image":"","background-repeat":"repeat","background-position":"center center","background-size":"auto","background-attachment":"scroll","background-type":"","background-media":"","overlay-type":"","overlay-color":"","overlay-opacity":"","overlay-gradient":""},"mobile":{"background-color":"","background-image":"","background-repeat":"repeat","background-position":"center center","background-size":"auto","background-attachment":"scroll","background-type":"","background-media":"","overlay-type":"","overlay-color":"","overlay-opacity":"","overlay-gradient":""}},"ast-content-background-meta":{"desktop":{"background-color":"var(--ast-global-color-4)","background-image":"","background-repeat":"repeat","background-position":"center center","background-size":"auto","background-attachment":"scroll","background-type":"","background-media":"","overlay-type":"","overlay-color":"","overlay-opacity":"","overlay-gradient":""},"tablet":{"background-color":"var(--ast-global-color-4)","background-image":"","background-repeat":"repeat","background-position":"center center","background-size":"auto","background-attachment":"scroll","background-type":"","background-media":"","overlay-type":"","overlay-color":"","overlay-opacity":"","overlay-gradient":""},"mobile":{"background-color":"var(--ast-global-color-4)","background-image":"","background-repeat":"repeat","background-position":"center center","background-size":"auto","background-attachment":"scroll","background-type":"","background-media":"","overlay-type":"","overlay-color":"","overlay-opacity":"","overlay-gradient":""}}},"product_brand":[],"product_cat":[54],"product_tag":[],"class_list":{"0":"post-1545","1":"product","2":"type-product","3":"status-publish","4":"has-post-thumbnail","6":"product_cat-cortes","7":"desktop-align-left","8":"tablet-align-left","9":"mobile-align-left","11":"first","12":"instock","13":"shipping-taxable","14":"product-type-simple"},"aioseo_notices":[],"_links":{"self":[{"href":"https:\/\/prolight.com.br\/es\/wp-json\/wp\/v2\/product\/1545","targetHints":{"allow":["GET"]}}],"collection":[{"href":"https:\/\/prolight.com.br\/es\/wp-json\/wp\/v2\/product"}],"about":[{"href":"https:\/\/prolight.com.br\/es\/wp-json\/wp\/v2\/types\/product"}],"wp:featuredmedia":[{"embeddable":true,"href":"https:\/\/prolight.com.br\/es\/wp-json\/wp\/v2\/media\/909"}],"wp:attachment":[{"href":"https:\/\/prolight.com.br\/es\/wp-json\/wp\/v2\/media?parent=1545"}],"wp:term":[{"taxonomy":"product_brand","embeddable":true,"href":"https:\/\/prolight.com.br\/es\/wp-json\/wp\/v2\/product_brand?post=1545"},{"taxonomy":"product_cat","embeddable":true,"href":"https:\/\/prolight.com.br\/es\/wp-json\/wp\/v2\/product_cat?post=1545"},{"taxonomy":"product_tag","embeddable":true,"href":"https:\/\/prolight.com.br\/es\/wp-json\/wp\/v2\/product_tag?post=1545"}],"curies":[{"name":"wp","href":"https:\/\/api.w.org\/{rel}","templated":true}]}}

<p>A Esmerilhadeira Angular Bosch, possui 900 Watts de potência, e é uma solução para realização de cortes e desbastes em materiais metálicos, como ferro e aço, e também pode ser utilizada para corte em alvenaria e concreto. (Note que para cada tipo de aplicação existe um acessório correto &#8211; discos abrasivos ou discos diamantados). Esta máquina conta com capa de proteção de 5&#8243;&#8221; / 125 milímetros com sistema de fixação por meio de parafuso, que garante que a capa não se desloque em caso de rompimento do disco dando mais segurança ao operador da ferramenta. Conta também com empunhadeira auxiliar e corpo mais delgado em forma redonda. Essas características geram praticidade e trabalhos menos cansativos ao usuário. Além disso, o interruptor de acionamento na lateral da esmerilhadeira traz praticidade mesmo para trabalhos mais longos. Por ser compacta facilita aplicações em locais de menor tamanho e de difícil acesso. A Esmerilhadeira GWS 9-125 é indicada para uso industrial.Trabalho intenso. Esse Kit traz: 1 Chave de aperto 1 porca de apoio 1 porca de aperto 1 Capa protetora 1 punho auxiliar. Dados adicionais: Potência nominal absorvida 900 W<br />
Nº de rotações em vazio 11.000 r.p.m.<br />
Ø do disco 125 mm<br />
Rosca do eixo de esmerilhamento M14<br />
Peso 1,9 kg<br />
Interruptor Interruptor bloqueável<br />
Potência útil 450 W<br />
Dimensões da ferramenta (largura) 73 mm<br />
Dimensões da ferramenta (comprimento) 280 mm<br />
Dimensões da ferramenta (altura) 100 mm</p>
