{"id":1583,"date":"2025-03-29T14:48:40","date_gmt":"2025-03-29T14:48:40","guid":{"rendered":"https:\/\/prolight.com.br\/es\/?post_type=product&#038;p=1583"},"modified":"2025-08-25T19:15:44","modified_gmt":"2025-08-25T19:15:44","slug":"alisadora-de-piso-46","status":"publish","type":"product","link":"https:\/\/prolight.com.br\/es\/produto\/alisadora-de-piso-46\/","title":{"rendered":"Alisadora de piso 46&#8243;"},"content":{"rendered":"","protected":false},"excerpt":{"rendered":"<p>Por ser um equipamento mais robusto e extra-forte, a Acabadora de Superf\u00edcie permite o acabamento perfeito em pisos de concreto, e conta com as seguintes caracter\u00edsticas:<\/p>\n<p>Equipamento para constru\u00e7\u00e3o civil movido \u00e0 gasolina;<br \/>\nPermite controle vari\u00e1vel de velocidade;<br \/>\nPermite o ajuste das l\u00e2minas conforme as diferentes necessidades de acabamento;<br \/>\nOferece total seguran\u00e7a ao operador . Ficha t\u00e9cnica 36&#8243; : Pot\u00eancia do Motor \/ Refrigera\u00e7\u00e3o: 13hp \/ AR<br \/>\nCombust\u00edvel: Gasolina Comum<br \/>\nDimens\u00f5es \u2013 C x L x A \u2013 mm 1940 x 940 x 980 mm<br \/>\nDi\u00e2metro 915 mm<br \/>\nQuantidade de l\u00e2minas 4<br \/>\nInclina\u00e7\u00e3o das l\u00e2minas 0\u00b0 \u2013 15\u00b0<br \/>\nUso de Disco de Flota\u00e7\u00e3o Sim<br \/>\nCapacidade do Tanque de Combust\u00edvel 6 Litros<br \/>\nConsumo m\u00e9dio de Combust\u00edvel 2,5 l\/h<br \/>\n\u00d3leo do Motor \/ Capacidade SAE 10W-30 \/ 1000 ml<br \/>\nCapacidade de \u00f3leo do redutor 1200 ml<br \/>\nPeso 101 kg Ficha t\u00e9cnica 46&#8243; : Pot\u00eancia do Motor \u2013 Refrigera\u00e7\u00e3o 13hp \u2013 AR \/ 4 Tempos<br \/>\nCombust\u00edvel Gasolina Comum<br \/>\nDimens\u00f5es \u2013 C x L x A \u2013 mm 2110 x 1180 x 950 mm<br \/>\nDi\u00e2metro de trabalho 1168 mm<br \/>\nQuantidade de l\u00e2minas 4<br \/>\nInclina\u00e7\u00e3o das l\u00e2minas 0\u00b0 \u2013 15\u00b0<br \/>\nUso de disco de flota\u00e7\u00e3o Sim<br \/>\nCapacidade do tanque de combust\u00edvel 6,0 Litros<br \/>\nConsumo m\u00e9dio de combust\u00edvel 2,5 L\/h<br \/>\n\u00d3leo do Motor \/ Capacidade SAE 10W \u2013 30 \/ 1000 ml<br \/>\nCapacidade de \u00f3leo do redutor 1200 ml<br \/>\nPeso 114 kg<\/p>\n","protected":false},"featured_media":981,"template":"","meta":{"site-sidebar-layout":"default","site-content-layout":"","ast-site-content-layout":"default","site-content-style":"default","site-sidebar-style":"default","ast-global-header-display":"","ast-banner-title-visibility":"","ast-main-header-display":"","ast-hfb-above-header-display":"","ast-hfb-below-header-display":"","ast-hfb-mobile-header-display":"","site-post-title":"","ast-breadcrumbs-content":"","ast-featured-img":"","footer-sml-layout":"","ast-disable-related-posts":"","theme-transparent-header-meta":"default","adv-header-id-meta":"","stick-header-meta":"","header-above-stick-meta":"","header-main-stick-meta":"","header-below-stick-meta":"","astra-migrate-meta-layouts":"set","ast-page-background-enabled":"default","ast-page-background-meta":{"desktop":{"background-color":"var(--ast-global-color-5)","background-image":"","background-repeat":"repeat","background-position":"center center","background-size":"auto","background-attachment":"scroll","background-type":"","background-media":"","overlay-type":"","overlay-color":"","overlay-opacity":"","overlay-gradient":""},"tablet":{"background-color":"","background-image":"","background-repeat":"repeat","background-position":"center center","background-size":"auto","background-attachment":"scroll","background-type":"","background-media":"","overlay-type":"","overlay-color":"","overlay-opacity":"","overlay-gradient":""},"mobile":{"background-color":"","background-image":"","background-repeat":"repeat","background-position":"center center","background-size":"auto","background-attachment":"scroll","background-type":"","background-media":"","overlay-type":"","overlay-color":"","overlay-opacity":"","overlay-gradient":""}},"ast-content-background-meta":{"desktop":{"background-color":"var(--ast-global-color-4)","background-image":"","background-repeat":"repeat","background-position":"center center","background-size":"auto","background-attachment":"scroll","background-type":"","background-media":"","overlay-type":"","overlay-color":"","overlay-opacity":"","overlay-gradient":""},"tablet":{"background-color":"var(--ast-global-color-4)","background-image":"","background-repeat":"repeat","background-position":"center center","background-size":"auto","background-attachment":"scroll","background-type":"","background-media":"","overlay-type":"","overlay-color":"","overlay-opacity":"","overlay-gradient":""},"mobile":{"background-color":"var(--ast-global-color-4)","background-image":"","background-repeat":"repeat","background-position":"center center","background-size":"auto","background-attachment":"scroll","background-type":"","background-media":"","overlay-type":"","overlay-color":"","overlay-opacity":"","overlay-gradient":""}}},"product_brand":[],"product_cat":[61],"product_tag":[],"class_list":{"0":"post-1583","1":"product","2":"type-product","3":"status-publish","4":"has-post-thumbnail","6":"product_cat-concretagem","7":"desktop-align-left","8":"tablet-align-left","9":"mobile-align-left","11":"first","12":"instock","13":"shipping-taxable","14":"product-type-simple"},"aioseo_notices":[],"_links":{"self":[{"href":"https:\/\/prolight.com.br\/es\/wp-json\/wp\/v2\/product\/1583","targetHints":{"allow":["GET"]}}],"collection":[{"href":"https:\/\/prolight.com.br\/es\/wp-json\/wp\/v2\/product"}],"about":[{"href":"https:\/\/prolight.com.br\/es\/wp-json\/wp\/v2\/types\/product"}],"wp:featuredmedia":[{"embeddable":true,"href":"https:\/\/prolight.com.br\/es\/wp-json\/wp\/v2\/media\/981"}],"wp:attachment":[{"href":"https:\/\/prolight.com.br\/es\/wp-json\/wp\/v2\/media?parent=1583"}],"wp:term":[{"taxonomy":"product_brand","embeddable":true,"href":"https:\/\/prolight.com.br\/es\/wp-json\/wp\/v2\/product_brand?post=1583"},{"taxonomy":"product_cat","embeddable":true,"href":"https:\/\/prolight.com.br\/es\/wp-json\/wp\/v2\/product_cat?post=1583"},{"taxonomy":"product_tag","embeddable":true,"href":"https:\/\/prolight.com.br\/es\/wp-json\/wp\/v2\/product_tag?post=1583"}],"curies":[{"name":"wp","href":"https:\/\/api.w.org\/{rel}","templated":true}]}}

<p>Por ser um equipamento mais robusto e extra-forte, a Acabadora de Superfície permite o acabamento perfeito em pisos de concreto, e conta com as seguintes características:</p>
<p>Equipamento para construção civil movido à gasolina;<br />
Permite controle variável de velocidade;<br />
Permite o ajuste das lâminas conforme as diferentes necessidades de acabamento;<br />
Oferece total segurança ao operador . Ficha técnica 36&#8243; : Potência do Motor / Refrigeração: 13hp / AR<br />
Combustível: Gasolina Comum<br />
Dimensões – C x L x A – mm 1940 x 940 x 980 mm<br />
Diâmetro 915 mm<br />
Quantidade de lâminas 4<br />
Inclinação das lâminas 0° – 15°<br />
Uso de Disco de Flotação Sim<br />
Capacidade do Tanque de Combustível 6 Litros<br />
Consumo médio de Combustível 2,5 l/h<br />
Óleo do Motor / Capacidade SAE 10W-30 / 1000 ml<br />
Capacidade de óleo do redutor 1200 ml<br />
Peso 101 kg Ficha técnica 46&#8243; : Potência do Motor – Refrigeração 13hp – AR / 4 Tempos<br />
Combustível Gasolina Comum<br />
Dimensões – C x L x A – mm 2110 x 1180 x 950 mm<br />
Diâmetro de trabalho 1168 mm<br />
Quantidade de lâminas 4<br />
Inclinação das lâminas 0° – 15°<br />
Uso de disco de flotação Sim<br />
Capacidade do tanque de combustível 6,0 Litros<br />
Consumo médio de combustível 2,5 L/h<br />
Óleo do Motor / Capacidade SAE 10W – 30 / 1000 ml<br />
Capacidade de óleo do redutor 1200 ml<br />
Peso 114 kg</p>
