{"id":1584,"date":"2025-03-29T14:48:40","date_gmt":"2025-03-29T14:48:40","guid":{"rendered":"https:\/\/prolight.com.br\/es\/?post_type=product&#038;p=1584"},"modified":"2025-08-25T19:15:19","modified_gmt":"2025-08-25T19:15:19","slug":"placa-pesada-weber","status":"publish","type":"product","link":"https:\/\/prolight.com.br\/es\/produto\/placa-pesada-weber\/","title":{"rendered":"Placa pesada weber"},"content":{"rendered":"","protected":false},"excerpt":{"rendered":"<p>Seu sistema hidr\u00e1ulico permite direcionar o deslocamento para frente ou para tr\u00e1s, possibilitando um melhor rendimento. A embreagem auto-ajust\u00e1vel e a estrutura de prote\u00e7\u00e3o fazem parte do equipamento de s\u00e9rie.<br \/>\nIdeais para compacta\u00e7\u00e3o em valas, no setor de paisagismo, na constru\u00e7\u00e3o de estradas ou em engenharia estrutural, sempre observando a espessura das capas de solo a serem compactadas, devido ao alto grau de impacto. Peso 209 kg<br \/>\nCombust\u00edvel Gasolina 4T<br \/>\nConsumo de Combust\u00edvel 1,5 LxH<br \/>\nPot\u00eancia 9,0 Hp<br \/>\nVelocidade de Avan\u00e7o 22m\/min<br \/>\nFor\u00e7a de impacto 33 km<br \/>\nFrequ\u00eancia 87 Hz<br \/>\nProfundidade de Compacta\u00e7\u00e3o At\u00e9 40 cm<br \/>\n\u00c1rea de Compacta\u00e7\u00e3o At\u00e9 900m2\/h<\/p>\n","protected":false},"featured_media":982,"template":"","meta":{"site-sidebar-layout":"default","site-content-layout":"","ast-site-content-layout":"default","site-content-style":"default","site-sidebar-style":"default","ast-global-header-display":"","ast-banner-title-visibility":"","ast-main-header-display":"","ast-hfb-above-header-display":"","ast-hfb-below-header-display":"","ast-hfb-mobile-header-display":"","site-post-title":"","ast-breadcrumbs-content":"","ast-featured-img":"","footer-sml-layout":"","ast-disable-related-posts":"","theme-transparent-header-meta":"default","adv-header-id-meta":"","stick-header-meta":"","header-above-stick-meta":"","header-main-stick-meta":"","header-below-stick-meta":"","astra-migrate-meta-layouts":"set","ast-page-background-enabled":"default","ast-page-background-meta":{"desktop":{"background-color":"var(--ast-global-color-5)","background-image":"","background-repeat":"repeat","background-position":"center center","background-size":"auto","background-attachment":"scroll","background-type":"","background-media":"","overlay-type":"","overlay-color":"","overlay-opacity":"","overlay-gradient":""},"tablet":{"background-color":"","background-image":"","background-repeat":"repeat","background-position":"center center","background-size":"auto","background-attachment":"scroll","background-type":"","background-media":"","overlay-type":"","overlay-color":"","overlay-opacity":"","overlay-gradient":""},"mobile":{"background-color":"","background-image":"","background-repeat":"repeat","background-position":"center center","background-size":"auto","background-attachment":"scroll","background-type":"","background-media":"","overlay-type":"","overlay-color":"","overlay-opacity":"","overlay-gradient":""}},"ast-content-background-meta":{"desktop":{"background-color":"var(--ast-global-color-4)","background-image":"","background-repeat":"repeat","background-position":"center center","background-size":"auto","background-attachment":"scroll","background-type":"","background-media":"","overlay-type":"","overlay-color":"","overlay-opacity":"","overlay-gradient":""},"tablet":{"background-color":"var(--ast-global-color-4)","background-image":"","background-repeat":"repeat","background-position":"center center","background-size":"auto","background-attachment":"scroll","background-type":"","background-media":"","overlay-type":"","overlay-color":"","overlay-opacity":"","overlay-gradient":""},"mobile":{"background-color":"var(--ast-global-color-4)","background-image":"","background-repeat":"repeat","background-position":"center center","background-size":"auto","background-attachment":"scroll","background-type":"","background-media":"","overlay-type":"","overlay-color":"","overlay-opacity":"","overlay-gradient":""}}},"product_brand":[],"product_cat":[56],"product_tag":[],"class_list":{"0":"post-1584","1":"product","2":"type-product","3":"status-publish","4":"has-post-thumbnail","6":"product_cat-compactacao-de-solo","7":"desktop-align-left","8":"tablet-align-left","9":"mobile-align-left","11":"first","12":"instock","13":"shipping-taxable","14":"product-type-simple"},"aioseo_notices":[],"_links":{"self":[{"href":"https:\/\/prolight.com.br\/es\/wp-json\/wp\/v2\/product\/1584","targetHints":{"allow":["GET"]}}],"collection":[{"href":"https:\/\/prolight.com.br\/es\/wp-json\/wp\/v2\/product"}],"about":[{"href":"https:\/\/prolight.com.br\/es\/wp-json\/wp\/v2\/types\/product"}],"wp:featuredmedia":[{"embeddable":true,"href":"https:\/\/prolight.com.br\/es\/wp-json\/wp\/v2\/media\/982"}],"wp:attachment":[{"href":"https:\/\/prolight.com.br\/es\/wp-json\/wp\/v2\/media?parent=1584"}],"wp:term":[{"taxonomy":"product_brand","embeddable":true,"href":"https:\/\/prolight.com.br\/es\/wp-json\/wp\/v2\/product_brand?post=1584"},{"taxonomy":"product_cat","embeddable":true,"href":"https:\/\/prolight.com.br\/es\/wp-json\/wp\/v2\/product_cat?post=1584"},{"taxonomy":"product_tag","embeddable":true,"href":"https:\/\/prolight.com.br\/es\/wp-json\/wp\/v2\/product_tag?post=1584"}],"curies":[{"name":"wp","href":"https:\/\/api.w.org\/{rel}","templated":true}]}}

<p>Seu sistema hidráulico permite direcionar o deslocamento para frente ou para trás, possibilitando um melhor rendimento. A embreagem auto-ajustável e a estrutura de proteção fazem parte do equipamento de série.<br />
Ideais para compactação em valas, no setor de paisagismo, na construção de estradas ou em engenharia estrutural, sempre observando a espessura das capas de solo a serem compactadas, devido ao alto grau de impacto. Peso 209 kg<br />
Combustível Gasolina 4T<br />
Consumo de Combustível 1,5 LxH<br />
Potência 9,0 Hp<br />
Velocidade de Avanço 22m/min<br />
Força de impacto 33 km<br />
Frequência 87 Hz<br />
Profundidade de Compactação Até 40 cm<br />
Área de Compactação Até 900m2/h</p>
