{"id":1616,"date":"2025-03-29T14:48:41","date_gmt":"2025-03-29T14:48:41","guid":{"rendered":"https:\/\/prolight.com.br\/es\/?post_type=product&#038;p=1616"},"modified":"2025-08-25T19:08:34","modified_gmt":"2025-08-25T19:08:34","slug":"paleteira-manual-2t","status":"publish","type":"product","link":"https:\/\/prolight.com.br\/es\/produto\/paleteira-manual-2t\/","title":{"rendered":"Paleteira Manual 2T"},"content":{"rendered":"","protected":false},"excerpt":{"rendered":"<p><span data-sheets-value=\"{&quot;1&quot;:2,&quot;2&quot;:&quot;Paleteira Manual , possui capacidade de carga de 2.000 kg, com rodas tamb\u00e9m (trucado) nas extremidades do garfo em nylon. \u00c9 um equipamento b\u00e1sico e essencial para movimenta\u00e7\u00e3o horizontal de cargas paletizadas. Indicado para operar tanto em paletes abertos quanto em paletes dupla face.\\n\\n- Especifica\u00e7\u00f5es T\u00e9cnicas:\\n:: Composi\u00e7\u00e3o principal: a\u00e7o carbono\\n:: Tipo da roda: tamb\u00e9m (roda dupla)\\n:: Material da roda: nylon\\n:: Posi\u00e7\u00e3o do operador: em p\u00e9, andando\\n:: Capacidade de carga: 2.000kg\\n:: Eleva\u00e7\u00e3o m\u00e1xima: 130mm\\n:: Largura externa do garfo: 525mm\\n:: Largura externa da patola: 525mm\\n:: Corredor operacional: 1.790mm&quot;}\" data-sheets-userformat=\"{&quot;2&quot;:10689,&quot;3&quot;:{&quot;1&quot;:0,&quot;3&quot;:1},&quot;9&quot;:0,&quot;10&quot;:1,&quot;11&quot;:4,&quot;14&quot;:{&quot;1&quot;:3,&quot;3&quot;:1},&quot;16&quot;:9}\">Paleteira Manual , possui capacidade de carga de 2.000 kg, com rodas tamb\u00e9m (trucado) nas extremidades do garfo em nylon. \u00c9 um equipamento b\u00e1sico e essencial para movimenta\u00e7\u00e3o horizontal de cargas paletizadas. Indicado para operar tanto em paletes abertos quanto em paletes dupla face.<\/span><\/p>\n<p>&#8211; Especifica\u00e7\u00f5es T\u00e9cnicas:<br \/>\n:: Composi\u00e7\u00e3o principal: a\u00e7o carbono<br \/>\n:: Tipo da roda: tamb\u00e9m (roda dupla)<br \/>\n:: Material da roda: nylon<br \/>\n:: Posi\u00e7\u00e3o do operador: em p\u00e9, andando<br \/>\n:: Capacidade de carga: 2.000kg<br \/>\n:: Eleva\u00e7\u00e3o m\u00e1xima: 130mm<br \/>\n:: Largura externa do garfo: 525mm<br \/>\n:: Largura externa da patola: 525mm<br \/>\n:: Corredor operacional: 1.790mm<\/p>\n","protected":false},"featured_media":1046,"template":"","meta":{"site-sidebar-layout":"default","site-content-layout":"","ast-site-content-layout":"default","site-content-style":"default","site-sidebar-style":"default","ast-global-header-display":"","ast-banner-title-visibility":"","ast-main-header-display":"","ast-hfb-above-header-display":"","ast-hfb-below-header-display":"","ast-hfb-mobile-header-display":"","site-post-title":"","ast-breadcrumbs-content":"","ast-featured-img":"","footer-sml-layout":"","ast-disable-related-posts":"","theme-transparent-header-meta":"default","adv-header-id-meta":"","stick-header-meta":"","header-above-stick-meta":"","header-main-stick-meta":"","header-below-stick-meta":"","astra-migrate-meta-layouts":"set","ast-page-background-enabled":"default","ast-page-background-meta":{"desktop":{"background-color":"var(--ast-global-color-5)","background-image":"","background-repeat":"repeat","background-position":"center center","background-size":"auto","background-attachment":"scroll","background-type":"","background-media":"","overlay-type":"","overlay-color":"","overlay-opacity":"","overlay-gradient":""},"tablet":{"background-color":"","background-image":"","background-repeat":"repeat","background-position":"center center","background-size":"auto","background-attachment":"scroll","background-type":"","background-media":"","overlay-type":"","overlay-color":"","overlay-opacity":"","overlay-gradient":""},"mobile":{"background-color":"","background-image":"","background-repeat":"repeat","background-position":"center center","background-size":"auto","background-attachment":"scroll","background-type":"","background-media":"","overlay-type":"","overlay-color":"","overlay-opacity":"","overlay-gradient":""}},"ast-content-background-meta":{"desktop":{"background-color":"var(--ast-global-color-4)","background-image":"","background-repeat":"repeat","background-position":"center center","background-size":"auto","background-attachment":"scroll","background-type":"","background-media":"","overlay-type":"","overlay-color":"","overlay-opacity":"","overlay-gradient":""},"tablet":{"background-color":"var(--ast-global-color-4)","background-image":"","background-repeat":"repeat","background-position":"center center","background-size":"auto","background-attachment":"scroll","background-type":"","background-media":"","overlay-type":"","overlay-color":"","overlay-opacity":"","overlay-gradient":""},"mobile":{"background-color":"var(--ast-global-color-4)","background-image":"","background-repeat":"repeat","background-position":"center center","background-size":"auto","background-attachment":"scroll","background-type":"","background-media":"","overlay-type":"","overlay-color":"","overlay-opacity":"","overlay-gradient":""}}},"product_brand":[],"product_cat":[64],"product_tag":[],"class_list":{"0":"post-1616","1":"product","2":"type-product","3":"status-publish","4":"has-post-thumbnail","6":"product_cat-cargas","7":"desktop-align-left","8":"tablet-align-left","9":"mobile-align-left","11":"first","12":"instock","13":"shipping-taxable","14":"product-type-simple"},"aioseo_notices":[],"_links":{"self":[{"href":"https:\/\/prolight.com.br\/es\/wp-json\/wp\/v2\/product\/1616","targetHints":{"allow":["GET"]}}],"collection":[{"href":"https:\/\/prolight.com.br\/es\/wp-json\/wp\/v2\/product"}],"about":[{"href":"https:\/\/prolight.com.br\/es\/wp-json\/wp\/v2\/types\/product"}],"wp:featuredmedia":[{"embeddable":true,"href":"https:\/\/prolight.com.br\/es\/wp-json\/wp\/v2\/media\/1046"}],"wp:attachment":[{"href":"https:\/\/prolight.com.br\/es\/wp-json\/wp\/v2\/media?parent=1616"}],"wp:term":[{"taxonomy":"product_brand","embeddable":true,"href":"https:\/\/prolight.com.br\/es\/wp-json\/wp\/v2\/product_brand?post=1616"},{"taxonomy":"product_cat","embeddable":true,"href":"https:\/\/prolight.com.br\/es\/wp-json\/wp\/v2\/product_cat?post=1616"},{"taxonomy":"product_tag","embeddable":true,"href":"https:\/\/prolight.com.br\/es\/wp-json\/wp\/v2\/product_tag?post=1616"}],"curies":[{"name":"wp","href":"https:\/\/api.w.org\/{rel}","templated":true}]}}

<p><span data-sheets-value="{&quot;1&quot;:2,&quot;2&quot;:&quot;Paleteira Manual , possui capacidade de carga de 2.000 kg, com rodas também (trucado) nas extremidades do garfo em nylon. É um equipamento básico e essencial para movimentação horizontal de cargas paletizadas. Indicado para operar tanto em paletes abertos quanto em paletes dupla face.\n\n- Especificações Técnicas:\n:: Composição principal: aço carbono\n:: Tipo da roda: também (roda dupla)\n:: Material da roda: nylon\n:: Posição do operador: em pé, andando\n:: Capacidade de carga: 2.000kg\n:: Elevação máxima: 130mm\n:: Largura externa do garfo: 525mm\n:: Largura externa da patola: 525mm\n:: Corredor operacional: 1.790mm&quot;}" data-sheets-userformat="{&quot;2&quot;:10689,&quot;3&quot;:{&quot;1&quot;:0,&quot;3&quot;:1},&quot;9&quot;:0,&quot;10&quot;:1,&quot;11&quot;:4,&quot;14&quot;:{&quot;1&quot;:3,&quot;3&quot;:1},&quot;16&quot;:9}">Paleteira Manual , possui capacidade de carga de 2.000 kg, com rodas também (trucado) nas extremidades do garfo em nylon. É um equipamento básico e essencial para movimentação horizontal de cargas paletizadas. Indicado para operar tanto em paletes abertos quanto em paletes dupla face.</span></p>
<p>&#8211; Especificações Técnicas:<br />
:: Composição principal: aço carbono<br />
:: Tipo da roda: também (roda dupla)<br />
:: Material da roda: nylon<br />
:: Posição do operador: em pé, andando<br />
:: Capacidade de carga: 2.000kg<br />
:: Elevação máxima: 130mm<br />
:: Largura externa do garfo: 525mm<br />
:: Largura externa da patola: 525mm<br />
:: Corredor operacional: 1.790mm</p>
